or of 5394995 and 3956?
989
Calculate the greatest common divisor of 20847389 and 68.
17
Calculate the greatest common divisor of 314146 and 76874.
266
Calculate the highest common divisor of 1972 and 7556228.
68
Calculate the highest common divisor of 97002810 and 244.
122
What is the highest common divisor of 348840 and 200?
40
Calculate the highest common divisor of 3475472 and 58520.
616
What is the highest common factor of 225 and 130640967?
9
What is the highest common factor of 94303979 and 115?
23
What is the highest common divisor of 13981017 and 285?
57
Calculate the highest common factor of 3361172 and 4148.
68
What is the highest common factor of 2962399 and 172?
43
Calculate the greatest common factor of 511312 and 112.
16
What is the highest common factor of 824111 and 161173?
3041
What is the greatest common divisor of 8 and 28569064?
8
Calculate the greatest common divisor of 55331763 and 20319.
1563
What is the greatest common divisor of 40000 and 87760?
80
Calculate the highest common factor of 5 and 16214325.
5
Calculate the greatest common divisor of 628 and 30955219.
157
Calculate the greatest common divisor of 4410070 and 1820.
70
What is the greatest common divisor of 12775018 and 2725?
109
Calculate the greatest common divisor of 21929750 and 1550.
50
What is the highest common divisor of 437934 and 2338?
14
What is the highest common divisor of 584821 and 1654919?
12443
What is the highest common divisor of 39 and 8315229?
39
What is the greatest common divisor of 44972644 and 452?
452
Calculate the highest common divisor of 135018546 and 13.
13
What is the highest common factor of 5 and 342684165?
5
What is the greatest common divisor of 1813 and 12134002?
37
What is the highest common divisor of 715 and 2251865?
55
Calculate the highest common divisor of 23602852 and 112.
28
What is the highest common divisor of 11759447 and 6918?
1153
Calculate the greatest common divisor of 940 and 7412220.
20
Calculate the greatest common divisor of 6923 and 4595969.
301
Calculate the greatest common factor of 4 and 157558196.
4
Calculate the greatest common divisor of 796762 and 826582.
142
Calculate the highest common factor of 1146654 and 3168.
18
What is the highest common factor of 2468448 and 6588?
108
What is the highest common divisor of 1890 and 83398680?
270
What is the greatest common divisor of 13654701 and 135?
9
Calculate the greatest common factor of 2394 and 2674476.
126
Calculate the highest common divisor of 2794707 and 13869.
207
Calculate the greatest common factor of 326985330 and 430.
430
What is the highest common factor of 1000098 and 10539?
9
Calculate the greatest common factor of 258 and 57516843.
129
What is the greatest common factor of 14400815 and 11?
11
Calculate the highest common factor of 105459153 and 2676.
669
Calculate the highest common factor of 318902804 and 66.
22
Calculate the greatest common factor of 2665307600 and 400.
400
What is the highest common factor of 653 and 17467097?
653
What is the greatest common factor of 144590 and 1184270?
190
Calculate the greatest common factor of 2439821 and 627281.
1777
Calculate the greatest common divisor of 40 and 7245496.
8
Calculate the greatest common divisor of 9844432 and 3021.
1007
Calculate the greatest common factor of 61550778 and 324456.
7374
Calculate the highest common divisor of 1955 and 1522571.
17
Calculate the greatest common factor of 1025 and 36069545.
205
Calculate the highest common factor of 324 and 90680196.
12
What is the highest common divisor of 98329573 and 5699?
139
Calculate the highest common divisor of 3082143 and 5272.
659
Calculate the greatest common divisor of 23910096 and 48.
48
Calculate the greatest common factor of 191349226 and 301.
43
What is the highest common divisor of 885 and 379019127?
177
Calculate the highest common factor of 529034 and 59339.
173
What is the highest common divisor of 10005 and 637905?
345
Calculate the greatest common divisor of 238 and 222810126.
238
What is the highest common divisor of 2569416 and 4054062?
4254
What is the highest common factor of 36318240 and 9?
9
What is the highest common factor of 50859562 and 6786?
754
Calculate the highest common divisor of 10324 and 4251441.
89
Calculate the highest common divisor of 104653200 and 1200.
1200
Calculate the highest common factor of 10008 and 1030376142.
2502
Calculate the highest common divisor of 789 and 1017840771.
789
Calculate the highest common factor of 776036 and 1900.
76
What is the highest common factor of 69370398 and 5910?
1182
What is the highest common divisor of 3285 and 67243950?
3285
What is the greatest common factor of 18028675 and 645695?
7255
Calculate the highest common divisor of 14514 and 7891368.
354
Calculate the greatest common divisor of 107317139 and 32944.
2059
Calculate the highest common factor of 108 and 15122948.
4
What is the greatest common factor of 18278 and 23101?
13
What is the greatest common divisor of 5666118 and 40959?
123
Calculate the greatest common divisor of 898202526 and 13.
13
What is the greatest common divisor of 28 and 38126578?
14
What is the greatest common divisor of 2146 and 41772852?
74
What is the greatest common factor of 30525 and 17213325?
2775
Calculate the highest common factor of 71624000 and 595.
35
What is the highest common divisor of 298044 and 2670221?
487
What is the greatest common factor of 444 and 375969876?
444
What is the greatest common divisor of 3 and 13475026?
1
What is the greatest common factor of 37486204 and 812?
28
Calculate the greatest common divisor of 13110288 and 192.
48
What is the highest common factor of 940051035 and 245?
245
What is the greatest common factor of 516 and 19692?
12
Calculate the greatest common factor of 345 and 6075805.
5
Calculate the highest common divisor of 6160 and 102956.
28
Calculate the greatest common factor of 57 and 1503493446.
57
What is the greatest common factor of 1697 and 1382001163?
1697
Calculate the greatest common divisor of 24 and 92665336.
8
What is the highest common divisor of 99 and 11917301?
11
Calculate the greatest common factor of 230252 and 17743.
11
Calculate the highest common factor of 25613 and 9709.
7
Calculate the greatest common factor of 191345234 and 374.
34
Calculate the greatest common divisor of 148673 and 58625.
469
Calculate the highest common divisor of 174 and 37762698.
174
Calculate the greatest common factor of 37567790 and 1074230.
15130
Calculate the highest common factor of 20 and 278450330.
10
Calculate the highest common factor of 134703710 and 15.
5
Calculate the greatest common factor of 287265 and 38085.
15
Calculate the greatest common factor of 41585896 and 275354.
7442
What is the greatest common factor of 274754820 and 1140?
1140
Calculate the highest common factor of 28376856 and 1152.
72
What is the highest common divisor of 20646 and 9984294?
558
What is the greatest common factor of 14720 and 11246720?
640
What is the highest common divisor of 6208095 and 375?
15
Calculate the highest common factor of 232639987 and 743.
743
Calculate the highest common divisor of 199013018 and 59.
59
Calculate the greatest common factor of 23 and 1815621403.
23
Calculate the greatest common divisor of 125688420 and 80028.
8892
Calculate the greatest common factor of 162200 and 36.
4
Calculate the greatest common factor of 3253718430 and 590.
590
Calculate the highest common divisor of 72643058 and 137722.
10594
Calculate the highest common divisor of 10727 and 61001925.
631
What is the greatest common divisor of 652521 and 22686?
597
Calculate the greatest common factor of 418970322 and 1202.
1202
Calculate the highest common factor of 102276768 and 4224.
1056
Calculate the highest common divisor of 286 and 230672.
26
What is the highest common factor of 549000 and 15786?
18
Calculate the greatest common factor of 725 and 58030160.
145
What is the greatest common factor of 20702 and 77066?
22
What is the highest common factor of 12 and 215648?
4
Calculate the highest common divisor of 1539 and 6398028.
81
Calculate the greatest common factor of 63916 and 69716.
116
Calculate the greatest common divisor of 103306174 and 6.
2
What is the greatest common divisor of 736